 5345331 + -433?
5344454
In base 7, what is 0 - 26336504?
-26336504
In base 5, what is -10 + -210000214300?
-210000214310
In base 3, what is -1 - -1202110022211001?
1202110022211000
In base 11, what is -507 - 15726?
-16132
In base 9, what is -1886221 + -33?
-1886254
In base 7, what is 2 - -40405166?
40405201
In base 3, what is 20 + -1002100010100122?
-1002100010100102
In base 11, what is 5607 + -31532?
-26a26
In base 6, what is -1 - -2144535234?
2144535233
In base 15, what is a0c74 + 16?
a0c8a
In base 12, what is -7 + 4486427?
4486420
In base 5, what is 32342321 + 10244?
32403120
In base 7, what is 215 - 3255040?
-3254522
In base 14, what is dda5840 - 4?
dda583a
In base 10, what is -2 + -755794?
-755796
In base 4, what is -3 + -2201333001211?
-2201333001220
In base 7, what is 502450 + -310?
502140
In base 11, what is 261a224 + 0?
261a224
In base 12, what is -20a9b4 + -1?
-20a9b5
In base 8, what is 111 + 136754?
137065
In base 16, what is 313e2 - -583?
31965
In base 8, what is 0 - -100605014?
100605014
In base 14, what is -58 + 42bb0?
42b56
In base 16, what is ac773287 - 5?
ac773282
In base 13, what is 9bb0 + -4?
9ba9
In base 16, what is 48 - -357e9?
35831
In base 10, what is -291910 - -21?
-291889
In base 15, what is 6 - -14c3869?
14c3870
In base 13, what is -5 - 11c1c4?
-11c1c9
In base 8, what is 454 - -4533255?
4533731
In base 6, what is 102550225 + -45?
102550140
In base 3, what is -10221 + -1000022200101?
-1000022211022
In base 16, what is -54f8ee5 - -1?
-54f8ee4
In base 4, what is 23001001 - -10302?
23011303
In base 4, what is -131 + -13302210?
-13303001
In base 16, what is 13ed33 + 5?
13ed38
In base 8, what is -144032 + 166?
-143644
In base 15, what is -530d + 985?
-4878
In base 3, what is 10020 - 1102111122?
-1102101102
In base 16, what is -fd955a3 - 4?
-fd955a7
In base 5, what is -20430223 + -14110?
-20444333
In base 12, what is -182b + 9207?
7598
In base 5, what is -404401221012 + -3?
-404401221020
In base 12, what is -1 + 54193715?
54193714
In base 2, what is -111111010100111100 - -10101?
-111111010100100111
In base 4, what is -213212121131 + 11?
-213212121120
In base 13, what is -119375 + b0?
-119295
In base 12, what is 9171 - 77?
90b6
In base 2, what is -101 + 10011100110100100000101110?
10011100110100100000101001
In base 4, what is 121 - 230313302331?
-230313302210
In base 9, what is -1145 - 8276?
-10432
In base 11, what is 432782 + -46?
432737
In base 4, what is -2131300 - -102?
-2131132
In base 9, what is -7552 + -6201?
-14753
In base 7, what is -145625 + 134?
-145461
In base 7, what is 140123430 + 165?
140123625
In base 14, what is 4 - -1a1ac4?
1a1ac8
In base 10, what is 38074692 - -1?
38074693
In base 10, what is 378 + -97343?
-96965
In base 5, what is 1103 - 13243244?
-13242141
In base 6, what is -3552121022 - 2?
-3552121024
In base 7, what is -10625 - -40616?
26661
In base 12, what is 23a2048 + -4a?
23a1bba
In base 15, what is -78469 - -d?
-7845b
In base 5, what is 21310 + -412?
20343
In base 7, what is -3 + -515345?
-515351
In base 11, what is 1213 - -565?
1778
In base 15, what is 462 + 70d?
b70
In base 10, what is -6834 - 3748?
-10582
In base 14, what is 12591 + 958?
13109
In base 5, what is 211241 + 430020?
1141311
In base 7, what is 3045412 - 34?
3045345
In base 11, what is 51109998 - 4?
51109994
In base 16, what is -77 + -21768?
-217df
In base 7, what is 60132544103 + -1?
60132544102
In base 7, what is -3245 + 123144?
116566
In base 3, what is 202211001211 - 2201?
202210222010
In base 3, what is -122221 + 11101011120010?
11101010220012
In base 12, what is 3 - -377b794?
377b797
In base 13, what is -9 + 20bb83?
20bb77
In base 16, what is c48dee + 5?
c48df3
In base 12, what is 411 - 7497?
-7086
In base 12, what is -258142 - -13?
-25812b
In base 11, what is 1217415 - -1?
1217416
In base 3, what is -2221211 + 2110222?
-110212
In base 9, what is 84268 + -43?
84225
In base 8, what is 46042 + -276?
45544
In base 8, what is -7 + 420655?
420646
In base 10, what is -101600 + -1839?
-103439
In base 11, what is 59584 - 7?
59578
In base 7, what is 30 + 410162?
410222
In base 10, what is -36431692 - 14?
-36431706
In base 9, what is 306733 - -226?
307060
In base 3, what is 11210122120001201 + 112?
11210122120002020
In base 12, what is -642a5 + -1a8?
-64491
In base 13, what is 172 - 2823?
-2681
In base 8, what is -337 - 365436?
-365775
In base 9, what is 3674004 + -5?
3673888
In base 6, what is -104023525 + 31?
-104023454
In base 2, what is 11011000000110111101001010111 - -10?
11011000000110111101001011001
In base 13, what is 102a97 + -8?
102a8c
In base 15, what is e9 - 134de4?
-134cea
In base 5, what is 31 + -10314344341?
-10314344310
In base 11, what is 137935a + 22?
1379381
In base 7, what is 61134466 - -30?
61134526
In base 6, what is -52211250 - -10?
-52211240
In base 13, what is 382 - 5942?
-5590
In base 16, what is 278 + 108eb?
10b63
In base 15, what is b816d7 + 7?
b816de
In base 4, what is -1121313132 - -3323?
-1121303203
In base 10, what is -41112 + 7056?
-34056
In base 14, what is -184 + 8dd?
759
In base 15, what is 3c0a1 - -144?
3c1e5
In base 5, what is 32321 - 24040334?
-24003013
In base 6, what is -223044 - -4341?
-214303
In base 5, what is 130 + -13234403?
-13234223
In base 16, what is -4e2 + -42c?
-90e
In base 13, what is 3 - -76027a?
760280
In base 11, what is -14 + -28334070?
-28334084
In base 4, what is -1213033130012 - -11?
-1213033130001
In base 16, what is -b6fc51e - 0?
-b6fc51e
In base 2, what is 10011101000 + 101100100101000010?
101100111000101010
In base 11, what is -aa98181 - -4?
-aa98178
In base 6, what is -150 - -125002112?
125001522
In base 14, what is 4 + -55cc48b?
-55cc487
In base 9, what is -7240036 + -14?
-7240051
In base 10, what is 356 + -273174?
-272818
In base 13, what is 289ca - -208?
28c05
In base 13, what is 41a82 + -35?
41a4a
In base 7, what is -654 + 24553?
23566
In base 2, what is 1010011111010100110110 - -100?
1010011111010100111010
In base 14, what is 1 + -14ca250?
-14ca24d
In base 16, what is -3c4361 + -82?
-3c43e3
In base 9, what is 2 + 268257647?
268257650
In base 8, what is -34 - -1526577?
1526543
In base 8, what is -10 + 121437?
121427
In base 11, what is 3 + -251332a?
-2513327
In base 10, what is -785 + 700003?
699218
In base 9, what is -104 - -16766?
16662
In base 6, what is -44140 + -13005?
-101145
In base 5, what is -1210032140224 - 4?
-1210032140233
In base 10, what is -18796257 + 2?
-18796255
In base 10, what is 62 - 1459965?
-1459903
In base 4, what is 3123013323 + 20?
3123020003
In base 10, what is -992 - 90236?
-91228
In base 5, what is -12411203003 - -24?
-12411202424
In base 16, what is 64893 + -77?
6481c
In base 9, what is 67211 + -174?
67026
In base 16, what is -1d + -187d?
-189a
In base 14, what is 13a - aac9b4?
-aac878
In base 8, what is 10 - -41705?
41715
In base 5, what is 242034 - -2310213?
3102302
In base 2, what is 110 + -1010000000110011100110?
-1010000000110011100000
In base 8, what is 1030 + 1030626?
1031656
In base 7, what is -6425302 + -3?
-6425305
In base 2, what is 1011111 + 1001101111100001110000?
1001101111100011001111
In base 6, what is -10201 - 320542?
-331143
In base 4, what is 11221230 + -1202220?
10013010
In base 6, what is -5 + 53543304?
53543255
In base 5, what is -1 - -144410011?
144410010
In base 3, what is 22102020201102 + -1101?
22102020200001
In base 3, what is 1001112 - 1112122120120?
-1112121112001
In base 8, what is 656113333 - -2?
656113335
In base 10, what is -60 + -131742?
-131802
In base 11, what is 9255a981 + -7?
9255a975
In base 8, what is -214050 - -35?
-214013
In base 2, what is -1010001101 - 11011011111100?
-11100110001001
In base 9, what is -31 + -10775087?
-10775128
In base 6, what is -2215425 - 15421?
-2235250
In base 5, what is 1121221403 + -124?
1121221224
In base 13, what is 348053 - -1?
348054
In base 11, what is -43a993 + 121?
-43a872
In base 9, what is -3184735 - 26?
-3184762
In base 9, what is 45224 + -44240?
874
In base 16, what is -6a37 + -404?
-6e3b
In base 12, what is -b7410 + -25?
-b7435
In base 10, what is 1 - 15966530?
-15966529
In base 8, what is 27244 + -25474?
1550
In base 10, what is 18915 - -85?
19000
In base 14, what is -5 - 311b8b?
-311b92
In base 12, what is -301a747 + -5?
-301a750
In base 15, what is -4 - 